 be g(9). Suppose -a*p - p + 728 = 0. Suppose 0 = -5*i + 7*i - p. Is i a composite number?
True
Let u = 351173 - 233200. Is u a prime number?
True
Suppose 3*i + 12*y = 9*y + 33, 0 = -2*y. Let z(n) = 7*n + 102. Is z(i) a composite number?
False
Let q(k) = -k**3 + 4*k**2 + 9*k + 10. Let a be q(6). Let y be 1 - ((-3)/2)/((-4)/a). Suppose -y*u + 1380 = -296. Is u a prime number?
True
Let h = 343 + -326. Let g(s) = s**3 - 9*s**2 + 38*s - 19. Is g(h) composite?
False
Let d = 44 - 39. Suppose -a + 0*a + 5*y + 141 = 0, 0 = d*a - 2*y - 751. Let v = 234 - a. Is v composite?
False
Let m(j) = -3155*j + 2031. Is m(-16) prime?
True
Let j = -86668 + 191397. Is j a composite number?
False
Let l(n) = -2*n + 3. Let f be l(5). Let p(g) = -g**3 - 7*g**2 - g - 7. Let b be p(f). Suppose 3*y + 10753 = 5*q, 4*q + b*y = -5*y + 8632. Is q composite?
False
Suppose -3*c + 0*c - 3635 = -4*m, -4*m - 4856 = 4*c. Let g = c + 1866. Is g a prime number?
True
Let r(n) = 23*n**2 - 49*n + 79. Is r(-37) composite?
True
Let g = -23431 + 75324. Is g prime?
True
Let q = 66 + -71. Is 3 + (q - -2929) + 2 a composite number?
True
Let b(z) = 4*z**3 - 12*z**2 + 15*z - 11. Let t = -335 + 345. Is b(t) prime?
True
Let i(q) = 2725*q**2 + 136*q + 75. Is i(16) a composite number?
True
Let v = -10 + 30. Let y be (-4)/v + 63/15. Suppose 5*x + o - y*o - 760 = 0, 3*x - 5*o - 440 = 0. Is x composite?
True
Let t(w) = -2*w**2 + 66*w - 41. Let a be t(33). Let l(d) = -2*d**3 - 80*d**2 + 9*d - 36. Is l(a) prime?
True
Let s(b) = -1. Let r(a) = 50*a**2 + 19*a + 74. Let h(c) = r(c) - 4*s(c). Is h(-7) a composite number?
True
Let k(o) = -o**2 + 33*o - 5. Let q be k(33). Is -1*1*(-1521 - (q - -15)) prime?
True
Suppose -113*h + 114*h = -4*z + 584841, -z = 3*h - 1754435. Is h composite?
False
Suppose 0 = -5*q - 2*a + 11 - 9, -4*a - 16 = 0. Suppose 2*v - 889 = -c, -3*c + 4415 = q*c + 4*v. Is c prime?
False
Is ((-2705452)/10)/((-1218)/145 + 8) a prime number?
True
Let d(g) = 31*g - 7 + 10 + 10 + 24. Is d(10) a prime number?
True
Let o(q) = -55*q**3 - 16*q**2 + 9*q + 96. Is o(-14) a composite number?
True
Let m be (-31)/14*-26626 + (-48)/84. Let r = m - 28428. Is r prime?
True
Let u = 165709 + -49646. Is u composite?
True
Suppose 34 + 20 = 6*y. Suppose n = -3*w + 4*n + y, 2*w + 3*n - 11 = 0. Is 1361/((-2)/w*10/(-5)) a prime number?
True
Let v = 2448 + -3792. Let n = -925 - v. Is n a prime number?
True
Suppose -o = 4*q - 543910, 0 = -232*q + 237*q + 2*o - 679889. Is q a prime number?
True
Suppose 2*g + 5 - 1 = 0. Let j be (4/(-6))/(1/15*g). Suppose j*i - 5*y = 286 + 139, -5*i = 3*y - 409. Is i a prime number?
True
Let z(s) = 392*s**2 + 2595*s - 4. Is z(-15) a prime number?
False
Let t(o) = -3405*o - 838. Is t(-13) a prime number?
True
Is (-2 + -12)*(-2)/2*(-2668992)/(-384) composite?
True
Let r(c) = -3*c**3 + 4*c**2 + 106294. Is r(0) composite?
True
Let m(w) = -2*w**3 - 155*w**2 - 318*w - 470. Is m(-109) a prime number?
False
Let h(o) = 28*o**3 - o**2 + 3*o + 4. Let w be h(3). Let u = -357 + w. Is u a composite number?
True
Suppose 0 = 6*j - z - 90971, -14*z + 45475 = 3*j - 16*z. Is j a prime number?
False
Suppose -x + 4*w = -1803, 2*w + 7623 = 5*x - 1410. Let b = x - 618. Is b composite?
True
Let j(u) = -3*u**2 - 46*u - 6. Let m be j(-15). Is ((-1288)/12 + 5)/((-3)/m) composite?
False
Let l be 176/176*(12 + 0 + 0). Suppose 0 = 2*n - 3 - 23. Suppose -l*d - 451 = -n*d. Is d composite?
True
Let j be 4/(-6) - 5780512/(-96). Let u = -42982 + j. Is u a composite number?
False
Let y(t) = t**3 + 12*t**2 - 10*t + 33. Let o be y(-13). Let s(g) = 139*g**2 + g - 11. Is s(o) a composite number?
False
Is (1/3 + 2)*(-258411)/(-1) a composite number?
True
Let s(a) = -a**3 + 16*a - 93 + 12*a + 41*a**2 + 15*a - 10*a - 60. Is s(38) a prime number?
False
Let o(c) = -41*c - 96*c + 19 + 0. Is o(-2) prime?
True
Suppose -9*n + 159 = -6*n. Let k(f) = n*f**2 + 20 - 21 + 6 + f. Is k(-2) a composite number?
True
Suppose -3*i = 3*c - 11076, -58*c = -3*i - 54*c + 11069. Is i a prime number?
True
Let z be (3 + (-42)/(-18))*(-9)/6. Is (4 + 9354/z)*(-5 + 1) composite?
True
Suppose -44*h + 18157762 + 3784554 = 0. Is h a prime number?
True
Let d(q) = -5*q**3 - 25*q**2 - 24*q + 3. Let n be d(-18). Suppose -3*b + 18385 = u, -4*b + 4*u + 2997 = -n. Is b composite?
True
Let x(f) = -f**3 - 18*f**2 - 15*f + 37. Let s be 51/(-3) + -2 + 2. Let k be x(s). Suppose -p - 448 = -k*j + 1913, j - 5*p - 787 = 0. Is j composite?
False
Let m = 1183 - -2811. Let u = 6015 - m. Is u prime?
False
Let o = -82698 - -149745. Is o a composite number?
True
Let v(q) be the first derivative of 3*q**4/4 - 5*q**3/2 - 11*q**2/2 + 9*q - 7. Let m(t) be the first derivative of v(t). Is m(-6) prime?
False
Suppose 88*d - 22860695 = 10*d + 7212907. Is d a composite number?
False
Is (((-240)/2520)/(2/(-7)))/((-2)/(-6999978)) a prime number?
True
Let x = 24930 + 204529. Is x composite?
False
Suppose 182*w - 189*w = -1403983. Is w prime?
True
Let d = 1609 + -1071. Suppose 2*g - 6 = 3*y - y, -y - 2*g = 0. Is d + (-2 - 1) + y prime?
False
Let r be (156/(-9))/((-2)/(-6)). Let t = -78 - r. Is 4/t - 16464/(-39) prime?
False
Suppose 0 = -n + 4*m + 73969, 3*n - 39363 = -5*m + 182646. Is n prime?
False
Let t = -109785 + 770266. Is t a composite number?
True
Suppose 0 = -4*x + 4422 + 2322. Suppose 0 = -23*f + 28*f - 20. Is x/f + 2/4 prime?
False
Suppose 3*n - 5*x - 1362 = 4*n, -n + 4*x = 1344. Let a = n + 3823. Is a prime?
False
Let b(k) = 251*k + 175. Let j(c) = -166*c - 117. Let f(h) = -5*b(h) - 7*j(h). Is f(-9) a prime number?
False
Suppose -12*f + 1149161 = -3*f + 4*f. Is f prime?
True
Let n = -178 + 121. Suppose 908 = -5*p + 7*p. Let r = n + p. Is r prime?
True
Suppose -3*s + 0*r + r + 1282 = 0, 0 = -4*r + 20. Suppose -w + 5*x + 99 = -26, 3*x - s = -3*w. Suppose -435 - w = -5*h. Is h composite?
True
Let k(g) = -11*g + 412. Let m be k(37). Let n(d) = d. Let a(z) = 121*z + 11. Let s(u) = a(u) + 3*n(u). Is s(m) composite?
False
Suppose -4*t - 1 = a, -2*t - 3*a = -a - 4. Let n(x) be the first derivative of -2383*x**2/2 + 3*x + 1454. Is n(t) a composite number?
True
Let x = 205 + -210. Is 5/(x/(-3114)) - 5 a prime number?
True
Suppose -3*d - d + 206 = -2*g, 5*g = 5*d - 520. Let y = -621 - g. Let x = y - -1205. Is x a composite number?
True
Let a(w) = -w**3 + 15*w**2 - 18*w + 35. Let q be a(14). Is (-121266)/q - 32/56 prime?
False
Let z(r) = -2*r**3 - 29*r**2 + 0*r**3 + 7*r**2 - 25 + 0*r**3 + 3*r. Let j be z(-18). Let d = -2490 + j. Is d a prime number?
False
Let p(o) = -52*o**3 + o**2 + 4*o + 1. Let y be (-30)/(-9) + (-16)/(-24). Let d be 1 - 1/(y/16). Is p(d) composite?
True
Let p = -328539 + 633304. Is p prime?
False
Suppose 0*m + 4*x + 536135 = m, -x - 1608394 = -3*m. Is m composite?
True
Suppose 0 = -t - 3*d - 1, -2*t + 2*d = t - 8. Suppose -8 = -3*z - t, -b + 5*z - 17 = 0. Is 1163*-1*6/(1 + b) a composite number?
False
Let z = 114918 + -63835. Is z a composite number?
True
Let x be (-1985)/5 + (-2)/2. Let g = x - -236. Let o = -19 - g. Is o a composite number?
True
Let r(y) = y**2 + 26*y - 23. Let o be r(-27). Suppose o*t - 3*b - 13299 = 0, b + b = -2. Suppose -2*f - 450 = 4*m - t, -1433 = -2*m - 5*f. Is m composite?
False
Let l = 57 - -50. Suppose 10*d + 115 = 11*d + c, -c = -d + l. Is d a prime number?
False
Is -29858*(6248/(-2640) + (-2)/15) prime?
False
Is (621/(-828))/(0 - ((-69226)/34616 - -2)) a prime number?
True
Suppose -5*i = -39 + 9. Suppose -i*s - 191 = -797. Let b = 138 - s. Is b composite?
False
Let b(y) = 9*y**2 + 3*y + 11. Let h be b(-8). Suppose 0 = -3*n + 2570 - 446. Suppose 4*j - h = -o, 3*o + n = 4*j + j. Is j a prime number?
False
Let g(f) = 6*f**2 + 7*f - 221. Let u be g(12). Suppose -4*x + 3*x + u = -4*o, 0 = -3*x - 5*o + 2096. Is x composite?
True
Let c = -33934 + 136193. Is c a prime number?
True
Suppose -20*s + 1114981 + 3342520 = 17*s. Is s a prime number?
True
Let n(i) = 2*i**2 + 56*i + 65. Let h be n(-27). Suppose 4*t = 20, -16*w + h*w = t - 86460. Is w composite?
False
Let p be (6/(-9))/(4/(-6)). Suppose 0 = -5*i + 51 - 46. Is 3 + i/p + 627 composite?
False
Let t(j) be the second derivative of -j**5 + 3*j**4/4 + j**3/2 - 7*j**2/2 + j. Suppose 52*o - 1365 = -1573. Is t(o) a prime number?
False
Let w(h) be the second derivative of h**7/180 - h**6/360 + 7*h**5/